{"id":711,"date":"2023-04-24T09:15:58","date_gmt":"2023-04-24T09:15:58","guid":{"rendered":"https:\/\/ltdp.ro\/wordpress\/?page_id=711"},"modified":"2024-11-26T11:48:51","modified_gmt":"2024-11-26T09:48:51","slug":"gdpr","status":"publish","type":"page","link":"https:\/\/ltdp.ro\/wordpress\/?page_id=711","title":{"rendered":"GDPR"},"content":{"rendered":"\n<div class=\"wp-block-file\"><a id=\"wp-block-file--media-fa126103-0cc9-47fc-9d6d-f1071ef7125d\" href=\"https:\/\/ltdp.ro\/wordpress\/wp-content\/uploads\/2024\/11\/acorduri-GDPR-1.docx\">acorduri-GDPR-1<\/a><a href=\"https:\/\/ltdp.ro\/wordpress\/wp-content\/uploads\/2024\/11\/acorduri-GDPR-1.docx\" class=\"wp-block-file__button wp-element-button\" download aria-describedby=\"wp-block-file--media-fa126103-0cc9-47fc-9d6d-f1071ef7125d\">Download<\/a><\/div>\n\n\n\n<div class=\"wp-block-file\"><a id=\"wp-block-file--media-c3b5ee3d-a626-4b2b-80e9-9568ed1d3ac1\" href=\"https:\/\/ltdp.ro\/wordpress\/wp-content\/uploads\/2024\/11\/acorduri-GDPR-2.docx\">acorduri-GDPR-2<\/a><a href=\"https:\/\/ltdp.ro\/wordpress\/wp-content\/uploads\/2024\/11\/acorduri-GDPR-2.docx\" class=\"wp-block-file__button wp-element-button\" download aria-describedby=\"wp-block-file--media-c3b5ee3d-a626-4b2b-80e9-9568ed1d3ac1\">Download<\/a><\/div>\n\n\n\n<p>PROTECTIA DATELOR CU CARACTER PERSONAL<\/p>\n\n\n\n<p><strong>I. Prelucrarea datelor la nivelul&nbsp;Liceului Tehnologic \u201dDimitrie Petrescu\u201d Caracal<\/strong><\/p>\n\n\n\n<ol class=\"wp-block-list\">\n<li><em>Informare cu privire la prelucrarile de date cu caracter personal<\/em><\/li>\n\n\n\n<li><em>Formulare de exercitare a drepturilor de catre persoanele vizate<\/em>\n<ul class=\"wp-block-list\">\n<li><a href=\"https:\/\/ltdp.ro\/wordpress\/wp-content\/uploads\/2023\/04\/CERERE-drept-de-acces.pdf\" target=\"_blank\" rel=\"noopener\" title=\"\"><em>Model de cerere pentru exercitarea dreptului de acces<\/em> <\/a><\/li>\n\n\n\n<li><em><a href=\"https:\/\/ltdp.ro\/wordpress\/wp-content\/uploads\/2023\/04\/CERERE-drept-de-interventie.pdf\" target=\"_blank\" rel=\"noopener\" title=\"\">Model de cerere pentru exercitarea dreptului la interventie<\/a><\/em><\/li>\n\n\n\n<li><em><a href=\"https:\/\/ltdp.ro\/wordpress\/wp-content\/uploads\/2023\/04\/CERERE-drept-de-opozitie.pdf\" target=\"_blank\" rel=\"noopener\" title=\"\">Model de cerere pentru exercitarea dreptului de opozitie<\/a><\/em><\/li>\n\n\n\n<li><em><a href=\"https:\/\/ltdp.ro\/wordpress\/wp-content\/uploads\/2023\/04\/Declaratie-de-consimtamant-privind-prelucrarea-datelor-cu-caracter-personal-peste-16-ani.pdf\" target=\"_blank\" rel=\"noopener\" title=\"\">Declaratie de consimtamant privind prelucrarea datelor cu caracter personal peste 16 ani<\/a><\/em><\/li>\n\n\n\n<li><em><a href=\"https:\/\/ltdp.ro\/wordpress\/wp-content\/uploads\/2023\/04\/Declaratie-de-consimtamant-privind-prelucrarea-datelor-cu-caracter-personal-sub-16-ani.pdf\" title=\"\">Declaratie de consimtamant privind prelucrarea datelor cu caracter personal sub 16 ani<\/a><\/em><\/li>\n<\/ul>\n<\/li>\n<\/ol>\n\n\n\n<p><strong>II. Legislatie relevanta<\/strong><\/p>\n\n\n\n<ol class=\"wp-block-list\">\n<li><em><a href=\"https:\/\/ltdp.ro\/wordpress\/wp-content\/uploads\/2023\/04\/Regulament-679_2016.pdf\" target=\"_blank\" rel=\"noopener\" title=\"\">Regulamentul 679\/2016<\/a><\/em><\/li>\n\n\n\n<li><em><a href=\"https:\/\/ltdp.ro\/wordpress\/wp-content\/uploads\/2023\/04\/lege_nr_677.pdf\" target=\"_blank\" rel=\"noopener\" title=\"\">Instruc\u0163iunile ministrului administra\u0163iei \u015fi internelor nr. 27\/2010 privind m\u0103surile de natur\u0103 organizatoric\u0103 \u015fi tehnic\u0103 pentru asigurarea securit\u0103\u0163ii prelucr\u0103rilor de date cu caracter personal efectuate de c\u0103tre structurile\/unit\u0103\u0163ile MAI.<\/a><\/em><\/li>\n\n\n\n<li><a href=\"http:\/\/www.liceulosica.ro\/phocadownload\/gdpr\/lege_nr_677.pdf\" title=\"\">Legea nr. 677\/2001 pentru protec\u0163ia persoanelor cu privire la prelucrarea datelor cu caracter personal \u015fi libera circula\u0163ie a acestor date, cu modific\u0103rile \u015fi complet\u0103rile ulterioare<\/a><\/li>\n<\/ol>\n\n\n\n<p><strong>III. Link-uri utile:<\/strong><\/p>\n\n\n\n<ol class=\"wp-block-list\">\n<li><a href=\"http:\/\/www.dataprotection.ro\/\" target=\"_blank\" rel=\"noreferrer noopener\">Autoritatea Na\u0163ional\u0103 de Supraveghere a Prelucr\u0103rii Datelor cu Caracter Personal<\/a><\/li>\n\n\n\n<li><a href=\"https:\/\/europa.eu\/european-union\/about-eu\/institutions-bodies\/european-data-protection-supervisor_ro\" target=\"_blank\" rel=\"noreferrer noopener\">Autoritatea European\u0103 pentru Protec\u021bia Datelor (AEPD)<\/a><\/li>\n\n\n\n<li><a href=\"https:\/\/ec.europa.eu\/newsroom\/article29\/news-overview.cfm\" target=\"_blank\" rel=\"noreferrer noopener\">Grupul de Lucru Art. 29<\/a><\/li>\n<\/ol>\n\n\n\n<p><strong>IV.&nbsp;<a href=\"https:\/\/ltdp.ro\/wordpress\/wp-content\/uploads\/2023\/04\/definitii.pdf\" target=\"_blank\" rel=\"noopener\" title=\"Definitii\">Definitii<\/a><\/strong><\/p>\n","protected":false},"excerpt":{"rendered":"<p>PROTECTIA DATELOR CU CARACTER PERSONAL I. Prelucrarea datelor la nivelul&nbsp;Liceului Tehnologic \u201dDimitrie Petrescu\u201d Caracal II. Legislatie relevanta III. Link-uri utile: IV.&nbsp;Definitii<\/p>\n","protected":false},"author":1,"featured_media":0,"parent":0,"menu_order":0,"comment_status":"closed","ping_status":"closed","template":"","meta":{"zakra_page_container_layout":"customizer","zakra_page_sidebar_layout":"customizer","zakra_remove_content_margin":false,"zakra_sidebar":"customizer","zakra_transparent_header":"customizer","zakra_logo":0,"zakra_main_header_style":"default","zakra_menu_item_color":"","zakra_menu_item_hover_color":"","zakra_menu_item_active_color":"","zakra_menu_active_style":"","zakra_page_header":true,"_monsterinsights_skip_tracking":false,"_monsterinsights_sitenote_active":false,"_monsterinsights_sitenote_note":"","_monsterinsights_sitenote_category":0,"footnotes":""},"class_list":["post-711","page","type-page","status-publish","hentry"],"_links":{"self":[{"href":"https:\/\/ltdp.ro\/wordpress\/index.php?rest_route=\/wp\/v2\/pages\/711","targetHints":{"allow":["GET"]}}],"collection":[{"href":"https:\/\/ltdp.ro\/wordpress\/index.php?rest_route=\/wp\/v2\/pages"}],"about":[{"href":"https:\/\/ltdp.ro\/wordpress\/index.php?rest_route=\/wp\/v2\/types\/page"}],"author":[{"embeddable":true,"href":"https:\/\/ltdp.ro\/wordpress\/index.php?rest_route=\/wp\/v2\/users\/1"}],"replies":[{"embeddable":true,"href":"https:\/\/ltdp.ro\/wordpress\/index.php?rest_route=%2Fwp%2Fv2%2Fcomments&post=711"}],"version-history":[{"count":0,"href":"https:\/\/ltdp.ro\/wordpress\/index.php?rest_route=\/wp\/v2\/pages\/711\/revisions"}],"wp:attachment":[{"href":"https:\/\/ltdp.ro\/wordpress\/index.php?rest_route=%2Fwp%2Fv2%2Fmedia&parent=711"}],"curies":[{"name":"wp","href":"https:\/\/api.w.org\/{rel}","templated":true}]}}